{"id":728,"date":"2021-06-29T10:45:57","date_gmt":"2021-06-29T14:45:57","guid":{"rendered":"https:\/\/dev.seafoodexpo.com\/global\/?page_id=728"},"modified":"2022-09-30T10:30:39","modified_gmt":"2022-09-30T14:30:39","slug":"news","status":"publish","type":"page","link":"https:\/\/www.seafoodexpo.com\/global\/news\/","title":{"rendered":"Expo News"},"content":{"rendered":"\t\t<div data-elementor-type=\"wp-page\" data-elementor-id=\"728\" class=\"elementor elementor-728\" data-elementor-post-type=\"page\">\n\t\t\t\t\t\t<section data-particle_enable=\"false\" data-particle-mobile-disabled=\"false\" class=\"elementor-section elementor-top-section elementor-element elementor-element-1bd5a4b4 elementor-section-full_width elementor-section-height-min-height elementor-section-height-default elementor-section-items-middle\" data-id=\"1bd5a4b4\" data-element_type=\"section\" data-e-type=\"section\" data-settings=\"{&quot;background_background&quot;:&quot;classic&quot;}\">\n\t\t\t\t\t\t\t<div class=\"elementor-background-overlay\"><\/div>\n\t\t\t\t\t\t\t<div class=\"elementor-container elementor-column-gap-default\">\n\t\t\t\t\t<div class=\"elementor-column elementor-col-100 elementor-top-column elementor-element elementor-element-219423a2\" data-id=\"219423a2\" data-element_type=\"column\" data-e-type=\"column\">\n\t\t\t<div class=\"elementor-widget-wrap elementor-element-populated\">\n\t\t\t\t\t\t\t<\/div>\n\t\t<\/div>\n\t\t\t\t\t<\/div>\n\t\t<\/section>\n\t\t\t\t<section data-particle_enable=\"false\" data-particle-mobile-disabled=\"false\" class=\"elementor-section elementor-top-section elementor-element elementor-element-66d9b81 elementor-section-boxed elementor-section-height-default elementor-section-height-default\" data-id=\"66d9b81\" data-element_type=\"section\" data-e-type=\"section\">\n\t\t\t\t\t\t<div class=\"elementor-container elementor-column-gap-default\">\n\t\t\t\t\t<div class=\"elementor-column elementor-col-50 elementor-top-column elementor-element elementor-element-173040bf\" data-id=\"173040bf\" data-element_type=\"column\" data-e-type=\"column\">\n\t\t\t<div class=\"elementor-widget-wrap elementor-element-populated\">\n\t\t\t\t\t\t<div class=\"elementor-element elementor-element-9f2e7aa elementor-grid-2 elementor-grid-tablet-2 elementor-grid-mobile-1 elementor-posts--thumbnail-top elementor-widget elementor-widget-posts\" data-id=\"9f2e7aa\" data-element_type=\"widget\" data-e-type=\"widget\" data-settings=\"{&quot;classic_columns&quot;:&quot;2&quot;,&quot;pagination_type&quot;:&quot;numbers_and_prev_next&quot;,&quot;classic_columns_tablet&quot;:&quot;2&quot;,&quot;classic_columns_mobile&quot;:&quot;1&quot;,&quot;classic_row_gap&quot;:{&quot;unit&quot;:&quot;px&quot;,&quot;size&quot;:35,&quot;sizes&quot;:[]},&quot;classic_row_gap_tablet&quot;:{&quot;unit&quot;:&quot;px&quot;,&quot;size&quot;:&quot;&quot;,&quot;sizes&quot;:[]},&quot;classic_row_gap_mobile&quot;:{&quot;unit&quot;:&quot;px&quot;,&quot;size&quot;:&quot;&quot;,&quot;sizes&quot;:[]}}\" data-widget_type=\"posts.classic\">\n\t\t\t\t<div class=\"elementor-widget-container\">\n\t\t\t\t\t\t\t<div class=\"elementor-posts-container elementor-posts elementor-posts--skin-classic elementor-grid\" role=\"list\">\n\t\t\t\t<article class=\"elementor-post elementor-grid-item post-95480 post type-post status-publish format-standard hentry category-news-article\" role=\"listitem\">\n\t\t\t\t<div class=\"elementor-post__text\">\n\t\t\t\t<h3 class=\"elementor-post__title\">\n\t\t\t<a href=\"https:\/\/www.seafoodexpo.com\/global\/viciunai-y-frais-embal-se-llevan-los-maximos-galardones-en-los-premios-seafood-excellence-global-2026\/\">\n\t\t\t\tVi\u010di\u016bnai y Frais Embal se llevan los m\u00e1ximos galardones en los premios Seafood Excellence Global 2026\t\t\t<\/a>\n\t\t<\/h3>\n\t\t\t\t<div class=\"elementor-post__meta-data\">\n\t\t\t\t\t<span class=\"elementor-post-date\">\n\t\t\t21 April 2026\t\t<\/span>\n\t\t\t\t<\/div>\n\t\t\t\t<div class=\"elementor-post__excerpt\">\n\t\t\t<p>Barcelona, \u200b\u200bEspa\u00f1a \u2013 (21 de abril de 2026)&nbsp; Vi\u010di\u016bnai Group de Lituania y Frais Embal de Francia han obtenido los primeros premios en la edici\u00f3n<\/p>\n\t\t<\/div>\n\t\t\n\t\t<a class=\"elementor-post__read-more\" href=\"https:\/\/www.seafoodexpo.com\/global\/viciunai-y-frais-embal-se-llevan-los-maximos-galardones-en-los-premios-seafood-excellence-global-2026\/\" aria-label=\"Read more about Vi\u010di\u016bnai y Frais Embal se llevan los m\u00e1ximos galardones en los premios Seafood Excellence Global 2026\" tabindex=\"-1\">\n\t\t\tRead More \u00bb\t\t<\/a>\n\n\t\t\t\t<\/div>\n\t\t\t\t<\/article>\n\t\t\t\t<article class=\"elementor-post elementor-grid-item post-95477 post type-post status-publish format-standard hentry category-news-article category-uncategorized\" role=\"listitem\">\n\t\t\t\t<div class=\"elementor-post__text\">\n\t\t\t\t<h3 class=\"elementor-post__title\">\n\t\t\t<a href=\"https:\/\/www.seafoodexpo.com\/global\/viciunai-and-frais-embal-take-top-honors-at-2026-seafood-excellence-global-awards\/\">\n\t\t\t\tVi\u010di\u016bnai and Frais Embal Take Top Honors at 2026 Seafood Excellence Global Awards\t\t\t<\/a>\n\t\t<\/h3>\n\t\t\t\t<div class=\"elementor-post__meta-data\">\n\t\t\t\t\t<span class=\"elementor-post-date\">\n\t\t\t21 April 2026\t\t<\/span>\n\t\t\t\t<\/div>\n\t\t\t\t<div class=\"elementor-post__excerpt\">\n\t\t\t<p>Barcelona, Spain \u2013 (21 April 2026) &nbsp;Vi\u010di\u016bnai Group of Lithuania and Frais Embal of France took the top prizes in the 2026 Seafood Excellence Global<\/p>\n\t\t<\/div>\n\t\t\n\t\t<a class=\"elementor-post__read-more\" href=\"https:\/\/www.seafoodexpo.com\/global\/viciunai-and-frais-embal-take-top-honors-at-2026-seafood-excellence-global-awards\/\" aria-label=\"Read more about Vi\u010di\u016bnai and Frais Embal Take Top Honors at 2026 Seafood Excellence Global Awards\" tabindex=\"-1\">\n\t\t\tRead More \u00bb\t\t<\/a>\n\n\t\t\t\t<\/div>\n\t\t\t\t<\/article>\n\t\t\t\t<article class=\"elementor-post elementor-grid-item post-95296 post type-post status-publish format-standard hentry category-news-article\" role=\"listitem\">\n\t\t\t\t<div class=\"elementor-post__text\">\n\t\t\t\t<h3 class=\"elementor-post__title\">\n\t\t\t<a href=\"https:\/\/www.seafoodexpo.com\/global\/seafood-expo-global-seafood-processing-global-sets-new-record-ahead-of-its-32nd-edition-in-barcelona\/\">\n\t\t\t\tSeafood Expo Global\/Seafood Processing Global Sets\u00a0New Record Ahead of its 32nd Edition in Barcelona\t\t\t<\/a>\n\t\t<\/h3>\n\t\t\t\t<div class=\"elementor-post__meta-data\">\n\t\t\t\t\t<span class=\"elementor-post-date\">\n\t\t\t9 April 2026\t\t<\/span>\n\t\t\t\t<\/div>\n\t\t\t\t<div class=\"elementor-post__excerpt\">\n\t\t\t<p>The expo will take place in Barcelona, from 21 to 23 April, occupying more than 52,950 net square meters of exhibition space, a figure that<\/p>\n\t\t<\/div>\n\t\t\n\t\t<a class=\"elementor-post__read-more\" href=\"https:\/\/www.seafoodexpo.com\/global\/seafood-expo-global-seafood-processing-global-sets-new-record-ahead-of-its-32nd-edition-in-barcelona\/\" aria-label=\"Read more about Seafood Expo Global\/Seafood Processing Global Sets\u00a0New Record Ahead of its 32nd Edition in Barcelona\" tabindex=\"-1\">\n\t\t\tRead More \u00bb\t\t<\/a>\n\n\t\t\t\t<\/div>\n\t\t\t\t<\/article>\n\t\t\t\t<article class=\"elementor-post elementor-grid-item post-95294 post type-post status-publish format-standard hentry category-news-article\" role=\"listitem\">\n\t\t\t\t<div class=\"elementor-post__text\">\n\t\t\t\t<h3 class=\"elementor-post__title\">\n\t\t\t<a href=\"https:\/\/www.seafoodexpo.com\/global\/seafood-expo-global-seafood-processing-global-bate-un-nuevo-record-antes-de-su-32a-edicion-en-barcelona\/\">\n\t\t\t\tSeafood Expo Global\/Seafood Processing Global bate\u00a0un nuevo r\u00e9cord antes de su 32\u00aa edici\u00f3n en Barcelona\t\t\t<\/a>\n\t\t<\/h3>\n\t\t\t\t<div class=\"elementor-post__meta-data\">\n\t\t\t\t\t<span class=\"elementor-post-date\">\n\t\t\t9 April 2026\t\t<\/span>\n\t\t\t\t<\/div>\n\t\t\t\t<div class=\"elementor-post__excerpt\">\n\t\t\t<p>La feria se llevar\u00e1 a cabo en Barcelona, del 21 al 23 de abril, ocupando m\u00e1s de 52.950 metros cuadrados netos de espacio de exposici\u00f3n,<\/p>\n\t\t<\/div>\n\t\t\n\t\t<a class=\"elementor-post__read-more\" href=\"https:\/\/www.seafoodexpo.com\/global\/seafood-expo-global-seafood-processing-global-bate-un-nuevo-record-antes-de-su-32a-edicion-en-barcelona\/\" aria-label=\"Read more about Seafood Expo Global\/Seafood Processing Global bate\u00a0un nuevo r\u00e9cord antes de su 32\u00aa edici\u00f3n en Barcelona\" tabindex=\"-1\">\n\t\t\tRead More \u00bb\t\t<\/a>\n\n\t\t\t\t<\/div>\n\t\t\t\t<\/article>\n\t\t\t\t<article class=\"elementor-post elementor-grid-item post-95204 post type-post status-publish format-standard hentry category-news-article\" role=\"listitem\">\n\t\t\t\t<div class=\"elementor-post__text\">\n\t\t\t\t<h3 class=\"elementor-post__title\">\n\t\t\t<a href=\"https:\/\/www.seafoodexpo.com\/global\/seafood-expo-global-announces-finalists-for-the2026-seafood-excellence-global-awards\/\">\n\t\t\t\tSeafood Expo Global Announces Finalists for the 2026 Seafood Excellence Global Awards\t\t\t<\/a>\n\t\t<\/h3>\n\t\t\t\t<div class=\"elementor-post__meta-data\">\n\t\t\t\t\t<span class=\"elementor-post-date\">\n\t\t\t7 April 2026\t\t<\/span>\n\t\t\t\t<\/div>\n\t\t\t\t<div class=\"elementor-post__excerpt\">\n\t\t\t<p>A total of 38 products have been shortlisted for this year\u2019s awards, including 8 in the HORECA category and 30 in the retail category Finalists<\/p>\n\t\t<\/div>\n\t\t\n\t\t<a class=\"elementor-post__read-more\" href=\"https:\/\/www.seafoodexpo.com\/global\/seafood-expo-global-announces-finalists-for-the2026-seafood-excellence-global-awards\/\" aria-label=\"Read more about Seafood Expo Global Announces Finalists for the 2026 Seafood Excellence Global Awards\" tabindex=\"-1\">\n\t\t\tRead More \u00bb\t\t<\/a>\n\n\t\t\t\t<\/div>\n\t\t\t\t<\/article>\n\t\t\t\t<article class=\"elementor-post elementor-grid-item post-95474 post type-post status-publish format-standard hentry category-news-article\" role=\"listitem\">\n\t\t\t\t<div class=\"elementor-post__text\">\n\t\t\t\t<h3 class=\"elementor-post__title\">\n\t\t\t<a href=\"https:\/\/www.seafoodexpo.com\/global\/seafood-expo-global-anuncia-los-finalistas-de-los-2026-seafood-excellence-global-awards\/\">\n\t\t\t\tSeafood Expo Global anuncia los finalistas de los 2026 Seafood Excellence Global Awards\t\t\t<\/a>\n\t\t<\/h3>\n\t\t\t\t<div class=\"elementor-post__meta-data\">\n\t\t\t\t\t<span class=\"elementor-post-date\">\n\t\t\t7 April 2026\t\t<\/span>\n\t\t\t\t<\/div>\n\t\t\t\t<div class=\"elementor-post__excerpt\">\n\t\t\t<p>Un total de 38 productos han sido seleccionados para los premios de este a\u00f1o, incluyendo 8 en la categor\u00eda HORECA y 30 en la categor\u00eda<\/p>\n\t\t<\/div>\n\t\t\n\t\t<a class=\"elementor-post__read-more\" href=\"https:\/\/www.seafoodexpo.com\/global\/seafood-expo-global-anuncia-los-finalistas-de-los-2026-seafood-excellence-global-awards\/\" aria-label=\"Read more about Seafood Expo Global anuncia los finalistas de los 2026 Seafood Excellence Global Awards\" tabindex=\"-1\">\n\t\t\tRead More \u00bb\t\t<\/a>\n\n\t\t\t\t<\/div>\n\t\t\t\t<\/article>\n\t\t\t\t<article class=\"elementor-post elementor-grid-item post-95156 post type-post status-publish format-standard hentry category-news-article\" role=\"listitem\">\n\t\t\t\t<div class=\"elementor-post__text\">\n\t\t\t\t<h3 class=\"elementor-post__title\">\n\t\t\t<a href=\"https:\/\/www.seafoodexpo.com\/global\/seafood-expo-global-seafood-processing-global-to-bring-together-more-than-90-industry-experts-with-dr-nomi-prins-as-keynote-speaker\/\">\n\t\t\t\tSeafood Expo Global\/Seafood Processing Global to Bring Together More Than 90 Industry Experts, with Dr. Nomi Prins as Keynote Speaker\t\t\t<\/a>\n\t\t<\/h3>\n\t\t\t\t<div class=\"elementor-post__meta-data\">\n\t\t\t\t\t<span class=\"elementor-post-date\">\n\t\t\t26 March 2026\t\t<\/span>\n\t\t\t\t<\/div>\n\t\t\t\t<div class=\"elementor-post__excerpt\">\n\t\t\t<p>The 32nd edition of Seafood Expo Global\/Seafood Processing Global will take place at Fira de Barcelona from 21\u201323 April 2026, bringing together leading companies from<\/p>\n\t\t<\/div>\n\t\t\n\t\t<a class=\"elementor-post__read-more\" href=\"https:\/\/www.seafoodexpo.com\/global\/seafood-expo-global-seafood-processing-global-to-bring-together-more-than-90-industry-experts-with-dr-nomi-prins-as-keynote-speaker\/\" aria-label=\"Read more about Seafood Expo Global\/Seafood Processing Global to Bring Together More Than 90 Industry Experts, with Dr. Nomi Prins as Keynote Speaker\" tabindex=\"-1\">\n\t\t\tRead More \u00bb\t\t<\/a>\n\n\t\t\t\t<\/div>\n\t\t\t\t<\/article>\n\t\t\t\t<article class=\"elementor-post elementor-grid-item post-95154 post type-post status-publish format-standard hentry category-news-article\" role=\"listitem\">\n\t\t\t\t<div class=\"elementor-post__text\">\n\t\t\t\t<h3 class=\"elementor-post__title\">\n\t\t\t<a href=\"https:\/\/www.seafoodexpo.com\/global\/seafood-expo-global-seafood-processing-global-reunira-a-mas-de-90-expertos-del-sector-con-la-dra-nomi-prins-como-ponente-principal\/\">\n\t\t\t\tSeafood Expo Global\/Seafood Processing Global reunir\u00e1 a m\u00e1s de 90 expertos del sector, con la Dra. Nomi Prins como ponente principal\t\t\t<\/a>\n\t\t<\/h3>\n\t\t\t\t<div class=\"elementor-post__meta-data\">\n\t\t\t\t\t<span class=\"elementor-post-date\">\n\t\t\t26 March 2026\t\t<\/span>\n\t\t\t\t<\/div>\n\t\t\t\t<div class=\"elementor-post__excerpt\">\n\t\t\t<p>La 32\u00aa edici\u00f3n de Seafood Expo Global\/Seafood Processing Global tendr\u00e1 lugar en Fira de Barcelona del 21 al 23 de abril de 2026, reuniendo a<\/p>\n\t\t<\/div>\n\t\t\n\t\t<a class=\"elementor-post__read-more\" href=\"https:\/\/www.seafoodexpo.com\/global\/seafood-expo-global-seafood-processing-global-reunira-a-mas-de-90-expertos-del-sector-con-la-dra-nomi-prins-como-ponente-principal\/\" aria-label=\"Read more about Seafood Expo Global\/Seafood Processing Global reunir\u00e1 a m\u00e1s de 90 expertos del sector, con la Dra. Nomi Prins como ponente principal\" tabindex=\"-1\">\n\t\t\tRead More \u00bb\t\t<\/a>\n\n\t\t\t\t<\/div>\n\t\t\t\t<\/article>\n\t\t\t\t<\/div>\n\t\t\n\t\t\t\t<div class=\"e-load-more-anchor\" data-page=\"1\" data-max-page=\"12\" data-next-page=\"https:\/\/www.seafoodexpo.com\/global\/wp-json\/wp\/v2\/pages\/728\/page\/2\/\"><\/div>\n\t\t\t\t<nav class=\"elementor-pagination\" aria-label=\"Pagination\">\n\t\t\t<span class=\"page-numbers prev\">&laquo; Previous<\/span>\n<span aria-current=\"page\" class=\"page-numbers current\"><span class=\"elementor-screen-only\">Page<\/span>1<\/span>\n<a class=\"page-numbers\" href=\"https:\/\/www.seafoodexpo.com\/global\/wp-json\/wp\/v2\/pages\/728\/page\/2\/\"><span class=\"elementor-screen-only\">Page<\/span>2<\/a>\n<a class=\"page-numbers\" href=\"https:\/\/www.seafoodexpo.com\/global\/wp-json\/wp\/v2\/pages\/728\/page\/3\/\"><span class=\"elementor-screen-only\">Page<\/span>3<\/a>\n<a class=\"page-numbers\" href=\"https:\/\/www.seafoodexpo.com\/global\/wp-json\/wp\/v2\/pages\/728\/page\/4\/\"><span class=\"elementor-screen-only\">Page<\/span>4<\/a>\n<a class=\"page-numbers\" href=\"https:\/\/www.seafoodexpo.com\/global\/wp-json\/wp\/v2\/pages\/728\/page\/5\/\"><span class=\"elementor-screen-only\">Page<\/span>5<\/a>\n<a class=\"page-numbers next\" href=\"https:\/\/www.seafoodexpo.com\/global\/wp-json\/wp\/v2\/pages\/728\/page\/2\/\">Next &raquo;<\/a>\t\t<\/nav>\n\t\t\t\t\t\t<\/div>\n\t\t\t\t<\/div>\n\t\t\t\t\t<\/div>\n\t\t<\/div>\n\t\t\t\t<div class=\"elementor-column elementor-col-50 elementor-top-column elementor-element elementor-element-5ca71f4\" data-id=\"5ca71f4\" data-element_type=\"column\" data-e-type=\"column\">\n\t\t\t<div class=\"elementor-widget-wrap elementor-element-populated\">\n\t\t\t\t\t\t<div class=\"elementor-element elementor-element-d37e143 elementor-widget elementor-widget-heading\" data-id=\"d37e143\" data-element_type=\"widget\" data-e-type=\"widget\" data-widget_type=\"heading.default\">\n\t\t\t\t<div class=\"elementor-widget-container\">\n\t\t\t\t\t<h3 class=\"elementor-heading-title elementor-size-default\">Press Registration<\/h3>\t\t\t\t<\/div>\n\t\t\t\t<\/div>\n\t\t\t\t<div class=\"elementor-element elementor-element-b5b67f5 elementor-widget-divider--view-line elementor-widget elementor-widget-divider\" data-id=\"b5b67f5\" data-element_type=\"widget\" data-e-type=\"widget\" data-widget_type=\"divider.default\">\n\t\t\t\t<div class=\"elementor-widget-container\">\n\t\t\t\t\t\t\t<div class=\"elementor-divider\">\n\t\t\t<span class=\"elementor-divider-separator\">\n\t\t\t\t\t\t<\/span>\n\t\t<\/div>\n\t\t\t\t\t\t<\/div>\n\t\t\t\t<\/div>\n\t\t\t\t<div class=\"elementor-element elementor-element-50a995f elementor-widget elementor-widget-text-editor\" data-id=\"50a995f\" data-element_type=\"widget\" data-e-type=\"widget\" data-widget_type=\"text-editor.default\">\n\t\t\t\t<div class=\"elementor-widget-container\">\n\t\t\t\t\t\t\t\t\t<div class=\"gdlr-item-title-wrapper gdlr-item pos-left \"><div class=\"gdlr-item-title-caption gdlr-skin-info\"><em>The Expo offers complimentary registration for members of the media. Registrations are for editorial staff only and are not available for sales contacts. Press credentials will be required upon badge pick-up. Acceptable credentials include press badge, business card with editorial title, masthead, article with byline. For more information, visit the\u00a0<span id=\"cloak57889\"><a href=\"\/global\/mediapress-registration\/\" data-feathr-click-track=\"true\">Press Registration page<\/a><\/span>.<\/em><\/div><\/div>\t\t\t\t\t\t\t\t<\/div>\n\t\t\t\t<\/div>\n\t\t\t\t\t<\/div>\n\t\t<\/div>\n\t\t\t\t\t<\/div>\n\t\t<\/section>\n\t\t\t\t<\/div>\n\t\t","protected":false},"excerpt":{"rendered":"<p>Press Registration The Expo offers complimentary registration for members of the media. Registrations are for editorial staff only and are not available for sales contacts. Press credentials will be required upon badge pick-up. Acceptable credentials include press badge, business card with editorial title, masthead, article with byline. For more information, visit the&nbsp;Press Registration page.<\/p>\n","protected":false},"author":20,"featured_media":0,"parent":0,"menu_order":0,"comment_status":"closed","ping_status":"closed","template":"","meta":{"_acf_changed":false,"inline_featured_image":false,"footnotes":""},"class_list":["post-728","page","type-page","status-publish","hentry"],"acf":[],"_links":{"self":[{"href":"https:\/\/www.seafoodexpo.com\/global\/wp-json\/wp\/v2\/pages\/728","targetHints":{"allow":["GET"]}}],"collection":[{"href":"https:\/\/www.seafoodexpo.com\/global\/wp-json\/wp\/v2\/pages"}],"about":[{"href":"https:\/\/www.seafoodexpo.com\/global\/wp-json\/wp\/v2\/types\/page"}],"author":[{"embeddable":true,"href":"https:\/\/www.seafoodexpo.com\/global\/wp-json\/wp\/v2\/users\/20"}],"replies":[{"embeddable":true,"href":"https:\/\/www.seafoodexpo.com\/global\/wp-json\/wp\/v2\/comments?post=728"}],"version-history":[{"count":0,"href":"https:\/\/www.seafoodexpo.com\/global\/wp-json\/wp\/v2\/pages\/728\/revisions"}],"wp:attachment":[{"href":"https:\/\/www.seafoodexpo.com\/global\/wp-json\/wp\/v2\/media?parent=728"}],"curies":[{"name":"wp","href":"https:\/\/api.w.org\/{rel}","templated":true}]}}